prime factors of c(k).
3, 59
Suppose -10 = -2*a + 122. Let y = -84 + a. What are the prime factors of 4/(-18) - 2074/y?
5, 23
Let g be 0 - -1 - (7 + -2). Let o be -4773 - (1 - (4 + 2 - 0)). List the prime factors of ((-2)/g)/((-16)/o).
149
Let l(w) = -68*w + 97. Suppose 0 = -2*r + 7*r + 65. List the prime factors of l(r).
3, 109
Let p = -3183 - -5636. What are the prime factors of p?
11, 223
Let z = -11303 - -25454. List the prime factors of z.
3, 53, 89
Let r be 58/8 + (21/12 - 2). Suppose -r*s = -2*s + k - 305, 0 = s - 4*k - 82. Suppose -3*m = -5*m + s. List the prime factors of m.
31
Suppose 123*g + 23815 = o + 119*g, 4*g - 71397 = -3*o. List the prime factors of o.
13, 1831
Suppose 2*n - 58*o = -63*o + 11725, 4*o - 29270 = -5*n. What are the prime factors of n?
2, 3, 5, 13
Suppose 2*c + 12898 = 4*d, 11*c = 2*d + 14*c - 6461. What are the prime factors of d?
2, 1613
Let o(f) = -f**2 + 22*f - 25. Suppose 2*q = 14*q - 60. Let z be (1/2)/(q/150). List the prime factors of o(z).
2, 5
Let d(w) = 4527*w**2 - 130*w - 248. What are the prime factors of d(-2)?
2, 3, 5, 151
List the prime factors of ((-20)/(-32)*4)/((-5)/(-56650)*5).
5, 11, 103
Suppose 0 = -0*g + g - 2*j - 153, 5*g + 3*j - 739 = 0. Suppose -5*p + g = -36. Suppose 47 + p = 2*v. List the prime factors of v.
2, 3, 7
Let o(v) = -2048*v - 2861. What are the prime factors of o(-9)?
23, 677
Let s(m) = 0 + 15*m - 19*m + 12*m + 28*m**2 - 7. List the prime factors of s(1).
29
Let y = 3536 + -2328. List the prime factors of y.
2, 151
Let y(c) = 404*c - 1772. List the prime factors of y(18).
2, 5, 11
Let g = 339 + -339. List the prime factors of (0 - -282) + -4 + g.
2, 139
Suppose -71869 - 104349 = -248*x - 32874. List the prime factors of x.
2, 17
Suppose -289*q + 178*q = -969252. What are the prime factors of q?
2, 37, 59
Suppose -16*v + 493103 = -175004 + 18635. List the prime factors of v.
2, 43, 59
Let d = 639 - 26. Suppose d = 5*w - 17. Let y = w - 12. What are the prime factors of y?
2, 3, 19
Let d(i) = 3*i + 0 - 3*i**2 - 3*i + 4 + i - 73*i**3. Let v(m) = -110*m**3 - 4*m**2 + m + 6. Let b(r) = 7*d(r) - 5*v(r). List the prime factors of b(1).
2, 19
Let f be ((-9)/(-27))/((-3)/(-45)*-1). Let l(r) = -5*r**3 + 4*r**2 + 18*r + 117. What are the prime factors of l(f)?
2, 47
Let h = -17186 + 29069. List the prime factors of h.
3, 17, 233
Let l = 568 + -559. Suppose a + 4*o = 63, 0 = -7*a + l*a - 4*o - 102. List the prime factors of a.
5, 11
Let x(a) be the second derivative of -a**5/20 - a**4/6 + 23*a**3/6 + 9*a**2 - 18*a. Let o be x(-8). Suppose -274 = -s - o. List the prime factors of s.
2, 7
Let j(i) = 4048*i + 1993. What are the prime factors of j(9)?
5, 29, 53
Let k be ((-13)/2)/(1 - 819/826). Let f = k + 1097. List the prime factors of f.
2, 3, 5, 11
Let j(a) = -a**3 + 15*a**2 - 10*a. Let x be j(14). List the prime factors of 16/x - 2241/(-21).
107
Let q(l) be the third derivative of -53*l**4/12 - 5*l**3/6 - 2*l**2 - l. What are the prime factors of q(-2)?
3, 23
Let i(l) = -l**3 - l**2 - 16*l + 5. Let k(o) = -2*o**3 - 2*o**2 - 17*o + 7. Let v(j) = 3*i(j) - 2*k(j). List the prime factors of v(6).
13
Suppose 3*c = -2*b + 76, 0*c + 142 = 4*b + c. Let d(u) = -16*u - 7. Let n be d(-1). Suppose -n*y + 14*y - b = 0. What are the prime factors of y?
7
Suppose -5*s = 5*i - 102990, -26*i - 82394 = -4*s - 29*i. List the prime factors of s.
2, 5, 103
Let c(l) = 264*l**2 + 188*l + 2. What are the prime factors of c(-11)?
2, 14939
Let g = 344 - 339. Suppose g*l - 2464 = 176. List the prime factors of l.
2, 3, 11
Let o = -1058 + 7483. What are the prime factors of o?
5, 257
Let t(q) = 2049*q**3 + 2*q**2 + 7*q - 1. Let c be t(-2). What are the prime factors of 1/(-4) + c/(-92)?
2, 89
Let l(t) = -3637*t - 3123. What are the prime factors of l(-4)?
5, 457
Suppose 0 = -2*s, -4*g - 7*s + 6*s = -188. Let p be g/(2 - 115/60). Suppose 5*m - 336 = -3*n + p, -3*n - 162 = -m. List the prime factors of m.
3, 59
Let i = 577 - 106. Suppose -q = -5*m - i + 42, -858 = -2*q - m. List the prime factors of q.
3, 11, 13
Let v = -9037 + 16957. What are the prime factors of v?
2, 3, 5, 11
List the prime factors of 3/(66/4) - ((-3712864)/176 + 26).
2, 5, 7, 43
Let h be (-4)/(-14)*-1 - (-408)/7. Suppose -h*z = -51*z - 7350. What are the prime factors of z?
2, 3, 5, 7
Suppose 4*r + 2948 = 4*n, 9*r = -5*n + 13*r + 3680. Suppose -21*w - n = -23*w. List the prime factors of w.
2, 3, 61
Let i = 114 - 98. Suppose s + 15*c = i*c + 696, 0 = -3*s + 2*c + 2092. List the prime factors of s.
2, 5, 7
Let m(g) = g - 3. Let x be m(4). Let d(t) = 186*t**2 + 5*t - 4. Let h be d(x). Suppose 11*u = -h + 1837. What are the prime factors of u?
2, 3, 5
Let m(y) = 9*y - 66. Let r be m(20). Let q = 112 - r. Let h(s) = -33*s**3 + 2*s + 1. List the prime factors of h(q).
3, 29
Let t(m) be the third derivative of -m**6/120 + 17*m**5/30 + 10*m**4/3 - 35*m**3/6 - 7*m**2 + 3*m. What are the prime factors of t(36)?
11, 23
Suppose 0 = t - j - 683 - 329, 0 = -5*t + 3*j + 5066. Let f = t - -953. What are the prime factors of f?
2, 3, 41
Let o(q) = 12*q - 165. Let d be o(14). Suppose 0 = -2*v + 5 + 1. Suppose d*z - 343 = 5*m, -2*z + z = -v*m - 109. List the prime factors of z.
11
Let c(w) = w**2 - 18*w + 45. Let v be c(15). Suppose -5*u + 78 + 42 = v. Let l = u + 137. What are the prime factors of l?
7, 23
Let u = 5811 + 3839. What are the prime factors of u?
2, 5, 193
Let i(o) = -112*o + 75. Let a be i(-15). Suppose -a = 15*s - 18*s. List the prime factors of s.
3, 5, 13
Let c = -132 - -127. Let z(w) = w + w + 7 + 0*w - 5*w. List the prime factors of z(c).
2, 11
Let d(s) = -16*s - 14. Let h be d(-5). Let c = -21 + 23. List the prime factors of h + (0 - -4 - c).
2, 17
Let w = 38 + -74. Let t = w + 76. What are the prime factors of t?
2, 5
Let s = -6256 + 20387. What are the prime factors of s?
13, 1087
Suppose 4*d - 90104 = 4*c, 4*c + 1983 = -d + 24519. List the prime factors of d.
2, 11
Let v(n) = -52*n**3 + 24*n + 51*n**3 - 7 + 53 - 11*n**2. What are the prime factors of v(-14)?
2, 149
Suppose -20*k - 60 = -24*k. Let l = 18 - k. List the prime factors of 1593/36*4/l.
59
Suppose 0 = 3*t - 23006 - 7381. List the prime factors of t.
7, 1447
Let k(f) = -94*f + 66. Let n be k(6). Let r = -169 - n. What are the prime factors of r?
7, 47
Let r(v) = v**3 + 34*v**2 - 288*v + 101. List the prime factors of r(-41).
2, 71
Let f(h) = -2*h**2 - 2*h + 10. Let i be f(3). Let u(k) = k**2 - 9*k + 9. List the prime factors of u(i).
331
List the prime factors of 8184 + 6 + -9 - 8/1.
11, 743
Suppose -z + 4*z = x - 5310, 0 = 5*x + 2*z - 26567. List the prime factors of x/35 + -1 + (-1)/(-5).
151
Suppose 0 - 3 = -3*y. Let a be (y + 27)*(2 + -1). Suppose -9 - a = -u. What are the prime factors of u?
37
Let w(r) = -9*r**3 - 4*r**2 - 2*r - 1. Suppose -g + 57 = 62. What are the prime factors of w(g)?
2, 11, 47
Let o = -708 + 6953. List the prime factors of o.
5, 1249
Suppose 0 = -19*w - 2*w + 88*w - 2919190. What are the prime factors of w?
2, 5, 4357
Let n(y) = y**3 - 7*y**2 - 8*y + 17. Let s be n(11). Let p = -95 + s. Let a = p + -226. List the prime factors of a.
2, 23
Suppose 15*t - 95132 + 17573 = 218601. What are the prime factors of t?
2, 617
Let m(f) = 4 + 4*f + 144 + f - 4*f. List the prime factors of m(0).
2, 37
Let z(q) = -24*q**2 + 643*q + 20. What are the prime factors of z(15)?
5, 853
Let w = 11678 + -10002. What are the prime factors of w?
2, 419
Let n(z) = -4*z - 7. Let t be n(-1). Let w be (-2)/((-6)/305) - (-2)/t. Let g = w - 65. List the prime factors of g.
2, 3
Let h = 72 - 108. Let l = -59 - h. List the prime factors of (l - 1/1)*-7.
2, 3, 7
What are the prime factors of 4279 - 2/(-12)*-84?
5, 853
Let j = -495 + 502. Let i(v) = 24*v - 30. List the prime factors of i(j).
2, 3, 23
Suppose -791 + 4802 = 7*f. Suppose -2*j - 2*w + f = -7*w, 9 = -3*w. What are the prime factors of j?
3, 31
Let a = -47462 + 105039. What are the prime factors of a?
13, 43, 103
Suppose -3*p = -2*a + 2 + 1, -4*a = 2*p - 30. Let r be (-3)/a + (-869)/(-22). What are the prime factors of r/13*((-700)/(-3))/4?
5, 7
Suppose 90*g - 1847610 = 647640. List the prime factors of g.
5, 1109
Let v = -37051 - -56703. What are the prime factors of v?
2, 17
Suppose -22*u + 91935 = -15*u + 8*u. List the